)/((-3)/(-4)). Let a(n) = 15*n**2 - n - 1. Let j be a(u). Suppose 5*i - 203 = -3*c, -5*c + 2*i = j - 420. What is the units digit of c?
1
Let d(h) = h**3 - 20*h**2 - 21*h - 81. Let f be d(21). Let o = f + 152. What is the units digit of o?
1
Suppose -1132*g + 416*g + 9153742 - 1446718 = 0. What is the tens digit of g?
6
Let b(w) = -13441*w + 11. Let u be b(-4). Suppose -19781 = -37*h + u. What is the thousands digit of h?
1
Let b be (0 + 2)/(7 + -5). Let l be (99 + 11)*b/2. What is the units digit of l + -4 + 0 + 4?
5
Suppose 3*m - 6*m = -324. Suppose 500 = 7*g + m. Suppose 88 = 3*f - 5*s, -g = -f - 3*s - 2*s. What is the units digit of f?
6
Let h be ((-10)/6)/(3/(18/(-5))). Suppose -3*s + q = -q - 513, 4*q = -h*s + 342. What is the hundreds digit of s?
1
Suppose -280 = -6*h + 134. Let y = -31 + h. Suppose -5*b + y = -7. What is the units digit of b?
9
Suppose -h - d + 1 = 0, -3*h + 31*d + 23 = 29*d. Let x = 3 + 3. What is the tens digit of h/(20/6)*260/x?
6
Let k be (-108)/(-486) + (2 - 21/(-27)). Suppose 0 = -k*f - 2*t + 1719, -4*f + 2851 = -4*t + 579. What is the units digit of f?
1
Let i(y) = 8*y**2 - 6*y - 4. Let j be i(-6). Suppose 4*n = 4*x + j, -3*x - 226 = -3*n - 7*x. What is the tens digit of n?
7
Suppose 2 = 2*t - 8. Suppose i - 7 = -3*w, -w + 0*i = t*i + 7. Suppose 3*d + w*j - 180 = 0, 2*d - 5*j = 6*d - 235. What is the units digit of d?
5
Let d = -3237 - -3345. What is the units digit of d?
8
Let h = 27 - 29. Let t be ((-49)/21)/(-7) + 8/(-6). What is the units digit of (-156)/(-8) + t/h?
0
Let w = 50398 - 29136. What is the thousands digit of w?
1
Suppose 3*c = 2*c + 14. Let p = c + -6. What is the units digit of p*(-1)/(-2) + 68?
2
Let c(p) = p + 10. Let s be c(2). Suppose 0*r + 2*r + 2*m = 780, -4*m + s = 0. What is the units digit of r?
7
What is the units digit of ((116/(-16) + 7)*-1172)/1?
3
Suppose 0 = -6*m - 1319 - 697. Let l = m - -1181. What is the hundreds digit of l?
8
Let v(y) = 311*y**2 + 86*y + 694. What is the units digit of v(-7)?
1
Suppose -24*q = -6*q + 5*q - 63434. What is the hundreds digit of q?
7
Let u = 921 + -800. Let m be 1/4 + (-1630)/(-8). Let x = m - u. What is the tens digit of x?
8
What is the units digit of 14*(-3)/70 + -3*57066/(-5)?
9
Suppose 0 = 2*a - g - 124, -220 = -4*a - 3*g - 2*g. Let r = -7 - a. Let p = r - -159. What is the tens digit of p?
9
Let x be 7*-2*13/(-26). Suppose x*t + 86 - 1857 = 0. Suppose -4*p + 354 = -2*q, 2*p = 5*p + q - t. What is the tens digit of p?
8
Let t = 20 + -2. What is the units digit of (-12)/t*(-115 + -2)?
8
Let d be (-37)/(-7) + 2/(-7). Suppose 0 = -2*f + 4*q + 2126, f = -d*q + 616 + 454. What is the tens digit of f?
6
Let q(f) = 17489*f + 2462. What is the ten thousands digit of q(3)?
5
Suppose 4*b - 3*k - 1562 = 164, 2*b - 4*k = 868. What is the tens digit of -1 + (330/75)/(2/b)?
4
Let w(z) = -9*z**3 + 10*z**2 + 24*z - 7. Let y be w(-5). Let d = y + -3. What is the hundreds digit of d?
2
Let y be (5 - 2)*-3*(-133 + -6). Let u = -692 + y. What is the hundreds digit of u?
5
Suppose 2*p - p + 27 = 3*y, 0 = -4*p - 12. Suppose -1671 - 3361 = -y*m. What is the tens digit of m?
2
Let g(r) = -34*r + 16. Let t(v) = v. Let w(c) = -g(c) - t(c). What is the units digit of w(9)?
1
Let q(l) = 5*l - 55. Let b be q(11). Let m = 8 - 6. Suppose 0 = 4*d - 0*a + 2*a - 382, b = -m*d + 4*a + 196. What is the tens digit of d?
9
Suppose b = 2*x + 114, 0 = 5*b - 0*b - 10. What is the hundreds digit of (0 - x/(-8)) + 972?
9
Let o be (-1)/(-4 + (-2038)/(-510)). Suppose 9*j = 4*j + o. Suppose 5*l - j - 139 = 0. What is the units digit of l?
8
Let g(b) = -b**3 - 13*b**2 - 21*b + 18. Let a be g(-11). Suppose -8768 = -23*q + a*q. What is the units digit of q?
8
Let r = 4170 + 1404. What is the tens digit of r?
7
Suppose v = -5*v + 30. Suppose 0 = -2*h + v*y + 270, -y - 609 = -5*h - 5*y. What is the hundreds digit of h + -3 + (2 + -5 - -3)?
1
Let l(s) = 3*s**2 + 10*s + 11. Let n be l(-4). Suppose 0 = n*u - 17798 - 10265. What is the units digit of u?
7
Let u = 2228 - 1473. Let z = u + -685. What is the units digit of z?
0
Suppose -55910 - 36466 = -18*a. What is the thousands digit of a?
5
Let y be 2/(-12) - 916/(-24). Suppose y*r - 26*r = 1452. What is the hundreds digit of r?
1
Let y be (-3718)/39*3/(-2). Let h = y + -104. Suppose 45 = 3*n - h. What is the units digit of n?
8
Let y be ((-2)/(-4))/(6/6576). Let q = y - -196. Suppose -5*i - 29 = -q. What is the hundreds digit of i?
1
Suppose -4*t + 4*z = -75928, 4*t + 4*z = -428 + 76316. What is the ten thousands digit of t?
1
Suppose 26*o - 46415 - 26099 = 0. What is the hundreds digit of o?
7
Suppose 1313539 = -56*m + 251*m - 1450391. What is the tens digit of m?
7
Let n = -137 - -186. Suppose 45*k = n*k - 104. What is the units digit of k?
6
Let d = -35 - -40. Let v be (27 - d/5) + (1 - 0). What is the units digit of -2*v*(-2 + 3/9)?
0
Let j = -12151 + 14334. What is the tens digit of j?
8
Let j(u) = -25*u - 44. Let z(q) = -13*q - 22. Let f(i) = 6*j(i) - 11*z(i). Let o be (-18)/8*864/(-324) - 23. What is the tens digit of f(o)?
9
Let x be (-265 - 2)*(-42)/18. Suppose -m - 621 = -2*m - q, 0 = -m - 3*q + x. Suppose 6*l + 92 = m. What is the tens digit of l?
8
Let q = -6418 - -16637. What is the thousands digit of q?
0
Let p = 138 + -124. Suppose 19*o - p*o + 220 = 0. What is the tens digit of 5*5/25 - o?
4
Let v = 24494 + -14385. Suppose -14*g + v = 3095. What is the hundreds digit of g?
5
Suppose 14*p + 78 = a - 102, -2*p - 780 = -3*a. What is the hundreds digit of a?
2
Let r(l) be the second derivative of 25*l + 1/2*l**3 + 0 + 0*l**2 + 137/12*l**4. What is the tens digit of r(-1)?
3
Let y(w) = -82*w - 8. Let b(n) = -n**2 + 11*n - 29. Let i be b(6). Let g be (0 - -1)*i*(1 - 4). What is the units digit of y(g)?
8
Let a(b) = b**2 + 25*b - 40. Let m be a(-23). Let d be (6/9)/((-6)/(-882)). Let z = d + m. What is the units digit of z?
2
What is the thousands digit of (-138 + 8087)/(2/(-2) + (-4)/(-3))?
3
Suppose 0 = -t + 4*n + 9, -4*t = -4*n + n - 10. Let j = t - -1. Suppose 5*g = j*l - 7*l + 410, l + 5*g - 98 = 0. What is the tens digit of l?
7
Suppose -2*j - s - 2640 = -12781, -3*s = -4*j + 20297. What is the tens digit of j?
7
Suppose 5*c - 3*c - 5*d - 421 = 0, -3*d - 210 = -c. Suppose 3*q + 2*s = 623, 2*q - q + 2*s = c. Let m = q - 42. What is the hundreds digit of m?
1
Suppose 3*z - 2*z = 2*z - 23062. What is the hundreds digit of z?
0
Suppose 5*h - 3 = 3*a + 10, 5*a = 4*h - 13. Let z = 110 + -76. Suppose 0 = h*l - 38 - z. What is the units digit of l?
6
Let j be ((-2)/(-6))/((-2)/18). Let k be (j - (-638)/(-2))*(-1)/2. Suppose 5*x = 289 + k. What is the tens digit of x?
9
Let y be (0 - -6)/((-581)/(-56) - 10). Suppose 0 = -24*s + y*s + 9688. What is the hundreds digit of s?
2
Let j(w) = -11*w**2 + 7. Let n = 6 - 10. Let a be j(n). Let l = a - -263. What is the units digit of l?
4
What is the tens digit of 26524/(19/133*14)?
6
What is the hundreds digit of 3816*((-20)/450*-9)/(6/15)?
8
Let x(c) be the second derivative of -c**5/20 - 5*c**4/6 - 25*c**3/6 + c**2 + c - 52. What is the tens digit of x(-8)?
7
Let g(t) = -47*t + 95. Let a(x) = 25*x - 48. Let w(u) = 5*a(u) + 3*g(u). What is the hundreds digit of w(-8)?
1
Let v(b) = 97*b**2 + 3*b + 3. Let y(w) = -5*w**2 + 5*w + 1. Let q be y(3). Let f = 28 + q. What is the tens digit of v(f)?
9
Let h(k) = -2*k**2 + 5*k - 5. Let d(o) = o**2 + 10*o + 10. Let z be d(-9). Let j be h(z). What is the tens digit of 29*4/2 - (-2)/j?
5
Suppose 5170810 = 318*s - 5396648. What is the units digit of s?
1
Let g(s) = -5*s**3 - s**2 - s - 1. Let l be g(-1). Suppose 92 = 5*f - 0*f + 4*m, -l*m = -12. Suppose -f*v + 20*v - 184 = 0. What is the units digit of v?
6
Let t(m) be the second derivative of m**4/4 + 6*m**2 + 493*m. Let p(n) = n + 1. Let j be p(3). What is the tens digit of t(j)?
6
Suppose 0 = -40*y - 41034 + 74784 + 54090. What is the thousands digit of y?
2
Suppose -3*h + g + 0 = -3, 5*h - 3*g - 5 = 0. Let d(k) = -k - 1. Let b(c) = 7*c**2 - 12*c. Let x(j) = h*b(j) - 5*d(j). What is the tens digit of x(5)?
4
Suppose 111*r = 2155934 + 505454 + 658955. What is the ten thousands digit of r?
2
Let h = 11379 - -20787. What is the thousands digit of h?
2
Let w(o) be the third derivative of o**5/60 - 19*o**4